omposite?
False
Is 12373 a composite number?
False
Is 7283 prime?
True
Is 288679 prime?
True
Is 995 prime?
False
Is 32203 a composite number?
False
Is 350011 a prime number?
False
Is 442315 a prime number?
False
Is 428483 composite?
True
Is 146407 a prime number?
True
Is 90281 a prime number?
True
Is 142319 a composite number?
False
Is 34793 a prime number?
False
Is 1651 a prime number?
False
Is 1361 composite?
False
Is 11579 a composite number?
False
Is 528897 a prime number?
False
Is 557917 a composite number?
True
Is 23291 composite?
False
Is 243343 a composite number?
False
Is 157186 a composite number?
True
Is 39953 composite?
False
Is 396213 a prime number?
False
Is 6989 a prime number?
False
Is 132817 a composite number?
False
Is 287549 composite?
False
Is 893 a prime number?
False
Is 6533 a prime number?
False
Is 700773 a prime number?
False
Is 220823 a composite number?
True
Is 2859211 composite?
False
Is 333821 composite?
False
Is 186391 prime?
True
Is 252487 prime?
False
Is 9601 prime?
True
Is 367097 a prime number?
True
Is 587 prime?
True
Is 195023 a composite number?
False
Is 410203 a composite number?
False
Is 27155 prime?
False
Is 686687 a composite number?
False
Is 8137 a composite number?
True
Is 110899 prime?
True
Is 38723 prime?
True
Is 55331 a prime number?
True
Is 2579 a composite number?
False
Is 68294 composite?
True
Is 15401 prime?
True
Is 94969 a prime number?
False
Is 11239 composite?
False
Is 116773 prime?
False
Is 31847 a prime number?
True
Is 504737 a prime number?
False
Is 846323 a composite number?
False
Is 3947 composite?
False
Is 248749 a composite number?
False
Is 4201 a prime number?
True
Is 317146 a prime number?
False
Is 42953 prime?
True
Is 1239089 composite?
False
Is 10823 composite?
True
Is 5731 prime?
False
Is 21311 composite?
True
Is 109801 a prime number?
False
Is 83761 prime?
True
Is 21457 prime?
False
Is 4645 a composite number?
True
Is 14447 composite?
False
Is 4229 composite?
False
Is 18803 a prime number?
True
Is 34403 a composite number?
False
Is 168053 composite?
True
Is 157673 prime?
False
Is 32989 composite?
True
Is 14471 a composite number?
True
Is 353329 a prime number?
True
Is 10559 prime?
True
Is 218579 prime?
True
Is 2277571 composite?
False
Is 19147 a composite number?
True
Is 1909 a prime number?
False
Is 3593 a prime number?
True
Is 483629 prime?
True
Is 126733 a prime number?
True
Is 51151 composite?
False
Is 211859 prime?
True
Is 80471 prime?
True
Is 3907 a composite number?
False
Is 1317 a composite number?
True
Is 49559 composite?
False
Is 12097 a composite number?
False
Is 57689 a composite number?
False
Is 19679 a composite number?
True
Is 30731 composite?
True
Is 73009 prime?
True
Is 43003 composite?
False
Is 63373 composite?
True
Is 67441 composite?
True
Is 1943791 a composite number?
False
Is 553 a composite number?
True
Is 4000063 composite?
False
Is 61529 a composite number?
True
Is 15682 composite?
True
Is 212551 a prime number?
False
Is 78349 a composite number?
True
Is 14369 a composite number?
False
Is 36863 prime?
False
Is 8483 a composite number?
True
Is 160357 a prime number?
True
Is 8981 composite?
True
Is 45949 a prime number?
True
Is 652291 prime?
True
Is 468661 prime?
True
Is 743711 a composite number?
False
Is 69653 a composite number?
False
Is 242167 a prime number?
False
Is 2923 prime?
False
Is 8663 composite?
False
Is 5234 prime?
False
Is 18397 prime?
True
Is 1401 composite?
True
Is 3151 a prime number?
False
Is 65498 composite?
True
Is 106591 a prime number?
True
Is 204133 a prime number?
True
Is 497339 a prime number?
True
Is 26627 a composite number?
False
Is 40087 prime?
True
Is 10357 composite?
False
Is 6908359 a composite number?
False
Is 19253 prime?
False
Is 17531 a prime number?
False
Is 217771 composite?
False
Is 15871 prime?
False
Is 10193 a composite number?
False
Is 51071 a prime number?
True
Is 63191 prime?
False
Is 1259 prime?
True
Is 393 a prime number?
False
Is 12295 composite?
True
Is 148339 prime?
True
Is 139579 composite?
True
Is 29483 a prime number?
True
Is 18033 composite?
True
Is 36761 a composite number?
False
Is 81799 prime?
True
Is 62619 prime?
False
Is 25054 composite?
True
Is 135217 a composite number?
True
Is 1514 prime?
False
Is 548213 prime?
True
Is 54787 a composite number?
False
Is 35671 a prime number?
True
Is 10639 prime?
True
Is 18623 a composite number?
True
Is 2053 a composite number?
False
Is 32317 prime?
False
Is 2324419 a composite number?
False
Is 45635 a prime number?
False
Is 1085891 a prime number?
True
Is 46381 a prime number?
True
Is 126467 a composite number?
True
Is 86837 prime?
True
Is 89111 a prime number?
False
Is 83089 composite?
False
Is 446819 a composite number?
False
Is 493457 composite?
False
Is 58727 a composite number?
False
Is 46213 prime?
False
Is 477305 prime?
False
Is 103369 a composite number?
True
Is 4417 composite?
True
Is 1343 a prime number?
False
Is 122747 a prime number?
False
Is 60679 composite?
False
Is 571 a prime number?
True
Is 12139 composite?
True
Is 9337 prime?
True
Is 2555747 prime?
False
Is 3898 composite?
True
Is 596959 a prime number?
False
Is 139199 a composite number?
False
Is 6742 a prime number?
False
Is 126287 a composite number?
True
Is 2453 a prime number?
False
Is 19351 prime?
False
Is 10999 prime?
False
Is 1171 prime?
True
Is 948247 a prime number?
True
Is 818093 prime?
True
Is 421297 a composite number?
True
Is 17337 a composite number?
True
Is 54227 composite?
True
Is 8513 prime?
True
Is 3404523 a composite number?
True
Is 686563 a prime number?
True
Is 1783 a prime number?
True
Is 7789 prime?
True
Is 19567 a composite number?
True
Is 70969 a prime number?
True
Is 167353 prime?
False
Is 3295 a composite number?
True
Is 945743 a prime number?
False
Is 911461 a composite number?
True
Is 36739 prime?
True
Is 69159 a prime number?
False
Is 127373 prime?
True
Is 2978299 composite?
False
Is 76649 a prime number?
True
Is 5033 a prime number?
False
Is 50497 composite?
False
Is 1060621 prime?
True
Is 896771 a composite number?
False
Is 27273 composite?
True
Is 1026803 a composite number?
True
Is 31102 a prime number?
False
Is 413951 prime?
True
Is 5305 a prime number?
False
Is 48883 prime?
True
Is 1101839 a prime number?
True
Is 202303 prime?
False
Is 310679 a prime number?
False
Is 39547 composite?
True
Is 33545 prime?
False
Is 161495 composite?
True
Is 921457 prime?
True
Is 305803 prime?
True
Is 5509 prime?
False
Is 136943 prime?
True
Is 471137 a prime number?
True
Is 46199 composite?
False
Is 144229 a composite number?
True
Is 35729 composite?
False
Is 27397 composite?
False
Is 29651 composite?
True
Is 259 a prime number?
False
Is 20861 prime?
False
Is 938726 a composite number?
True
Is 39553 prime?
False
Is 1574527 a prime number?
True
Is 404366 a composite number?
True
Is 282349 a composite number?
False
Is 7377 a prime number?
False
Is 200971 a composite number?
False
Is 23581 prime?
True
Is 229289 prime?
False
Is 22226 a composite number?
True
Is 73259 a composite number?
False
Is 26974 prime?
False
Is 28751 a composite number?
False
Is 53471 a prime number?
False
Is 32449 composite?
True
Is 21059 a composite number?
False
Is 85469 a composite number?
False
Is 140753 prime?
False
Is 154043 prime?
True
Is 9641 a composite number?
True
Is 11306 prime?
False
Is 74771 a composite number?
False
Is 27611 composite?
False
Is 110711 a composite number?
False
Is 168593 prime?
False
Is 34439 prime?
True
Is 6997 prime?
True
Is 155573 a composite number?
True
Is 799 a composite number?
True
Is 27309 a prime number?
False
Is 127837 a prime number?
True
Is 340687 composite?
False
Is 23869 composite?
False
Is 9271 composite?
True
Is 39826 a composite number?
True
Is 228751 a composite number?
False
Is 918989 a prime number?
True
Is 23719 composite?
False
Is 10289 prime?
True
Is 8553 prime?
False
Is 178361 composite?
False
Is 29657 composite?
True
Is 33593 a prime number?
False
Is 534383 prime?
False
Is 2044271 composite?
False
Is 749147 composite?
True
Is 13799 composite?
False
Is 2813 composite?
True
Is 164333 prime?
False
Is 95189 a composite number?
False
Is 842 a prime number?
False
Is 32897 a composite number?
True
Is 139387 composite?
False
Is 5779 a prime number?
True
Is